{"id":498,"date":"2025-11-27T16:47:32","date_gmt":"2025-11-27T15:47:32","guid":{"rendered":"https:\/\/hbkessen.v6.rocks\/?page_id=498"},"modified":"2026-01-05T11:02:12","modified_gmt":"2026-01-05T10:02:12","slug":"mohammed-ouammi","status":"publish","type":"page","link":"https:\/\/hbkessen.v6.rocks\/?page_id=498","title":{"rendered":"Mohammed Ouammi"},"content":{"rendered":"\n<div style=\"height:50px\" aria-hidden=\"true\" class=\"wp-block-spacer\"><\/div>\n\n\n\n<div class=\"wp-block-columns alignwide are-vertically-aligned-bottom is-layout-flex wp-container-core-columns-is-layout-fa584acd wp-block-columns-is-layout-flex\">\n<div class=\"wp-block-column is-vertically-aligned-bottom is-layout-flow wp-block-column-is-layout-flow\">\n<div class=\"wp-block-group is-nowrap is-layout-flex wp-container-core-group-is-layout-6c531013 wp-block-group-is-layout-flex\">\n<h1 class=\"wp-block-heading has-xx-large-font-size\">Mohammed Ouammi<\/h1>\n<\/div>\n\n\n\n<div class=\"wp-block-group is-nowrap is-layout-flex wp-container-core-group-is-layout-6c531013 wp-block-group-is-layout-flex\">\n<p class=\"has-text-align-left\">K\u00fcnstlerischer Werkstattleiter, <br>Fachgebiet Skulptur\/Installation<\/p>\n<\/div>\n<\/div>\n\n\n\n<div class=\"wp-block-column is-vertically-aligned-bottom is-layout-flow wp-block-column-is-layout-flow\">\n<figure class=\"wp-block-image alignleft size-full is-resized\"><img loading=\"lazy\" decoding=\"async\" width=\"480\" height=\"640\" src=\"https:\/\/hbkessen.v6.rocks\/wp-content\/uploads\/2025\/11\/Mohammed_Ouammi.jpg\" alt=\"\" class=\"wp-image-500\" style=\"width:290px;height:auto\" srcset=\"https:\/\/hbkessen.v6.rocks\/wp-content\/uploads\/2025\/11\/Mohammed_Ouammi.jpg 480w, https:\/\/hbkessen.v6.rocks\/wp-content\/uploads\/2025\/11\/Mohammed_Ouammi-225x300.jpg 225w\" sizes=\"auto, (max-width: 480px) 100vw, 480px\" \/><\/figure>\n<\/div>\n<\/div>\n\n\n\n<div style=\"height:50px\" aria-hidden=\"true\" class=\"wp-block-spacer\"><\/div>\n\n\n\n<div class=\"wp-block-columns alignwide are-vertically-aligned-top is-layout-flex wp-container-core-columns-is-layout-fa584acd wp-block-columns-is-layout-flex\">\n<div class=\"wp-block-column is-vertically-aligned-top is-layout-flow wp-block-column-is-layout-flow\">\n<div class=\"wp-block-group is-nowrap is-layout-flex wp-container-core-group-is-layout-6c531013 wp-block-group-is-layout-flex\">\n<p><strong>VITA<\/strong><br><br>seit 2015<br>Dozent und Holzwerkstattleiter an der HBK Essen<br><br>2012 \u2013 2015<br>Studium an der Freien Akademie der bildenden K\u00fcnste, Essen<br><br>2015<br>Meistersch\u00fcler f\u00fcr Grafik und Malerei an der fadbk, Essen<br><br>2003 \u2013 2007<br>Berater am Bristol City Museum &amp; Art Gallery, Bristol, UK<br><br>2007<br>Resident Artist for (Heritage Lottery Fund Project),<br>Bristol, UK<br><br>1999 \u2013 2001<br>Tischlerausbildung, Velbert, Kreis Mettmann<br><br>1987<br>Sprachstudium in M\u00fcnchen (Spanisch, Franz\u00f6sisch, Englisch und Deutsch)<br><br>1964<br>geboren in Tetouan, Marokko<\/p>\n\n\n\n<p><br><\/p>\n<\/div>\n<\/div>\n\n\n\n<div class=\"wp-block-column is-vertically-aligned-top is-layout-flow wp-block-column-is-layout-flow\">\n<div class=\"wp-block-group has-global-padding is-content-justification-left is-layout-constrained wp-container-core-group-is-layout-12dd3699 wp-block-group-is-layout-constrained\">\n<p><strong>E-MAIL<\/strong><br><a href=\"mailto:mohammed.ouammi@hbk-essen.de\">mohammed.ouammi@hbk-essen.de<\/a><\/p>\n<\/div>\n<\/div>\n<\/div>\n","protected":false},"excerpt":{"rendered":"<p>Mohammed Ouammi K\u00fcnstlerischer Werkstattleiter, Fachgebiet Skulptur\/Installation VITA seit 2015Dozent und Holzwerkstattleiter an der HBK Essen 2012 \u2013 2015Studium an der Freien Akademie der bildenden K\u00fcnste, Essen 2015Meistersch\u00fcler f\u00fcr Grafik und Malerei an der fadbk, Essen 2003 \u2013 2007Berater am Bristol City Museum &amp; Art Gallery, Bristol, UK 2007Resident Artist for (Heritage Lottery Fund Project),Bristol, UK [&hellip;]<\/p>\n","protected":false},"author":2,"featured_media":0,"parent":0,"menu_order":0,"comment_status":"closed","ping_status":"closed","template":"page-no-title","meta":{"footnotes":""},"folder":[8],"class_list":["post-498","page","type-page","status-publish","hentry"],"rttpg_featured_image_url":null,"rttpg_author":{"display_name":"Duaa Bayoun","author_link":"https:\/\/hbkessen.v6.rocks\/?author=2"},"rttpg_comment":0,"rttpg_category":" <a href=\"https:\/\/hbkessen.v6.rocks\/?taxonomy=folder&#038;term=personen-1764506902-1\" rel=\"tag\">Personenseiten<\/a>","rttpg_excerpt":"Mohammed Ouammi K\u00fcnstlerischer Werkstattleiter, Fachgebiet Skulptur\/Installation VITA seit 2015Dozent und Holzwerkstattleiter an der HBK Essen 2012 \u2013 2015Studium an der Freien Akademie der bildenden K\u00fcnste, Essen 2015Meistersch\u00fcler f\u00fcr Grafik und Malerei an der fadbk, Essen 2003 \u2013 2007Berater am Bristol City Museum &amp; Art Gallery, Bristol, UK 2007Resident Artist for (Heritage Lottery Fund Project),Bristol, UK&hellip;","_links":{"self":[{"href":"https:\/\/hbkessen.v6.rocks\/index.php?rest_route=\/wp\/v2\/pages\/498","targetHints":{"allow":["GET"]}}],"collection":[{"href":"https:\/\/hbkessen.v6.rocks\/index.php?rest_route=\/wp\/v2\/pages"}],"about":[{"href":"https:\/\/hbkessen.v6.rocks\/index.php?rest_route=\/wp\/v2\/types\/page"}],"author":[{"embeddable":true,"href":"https:\/\/hbkessen.v6.rocks\/index.php?rest_route=\/wp\/v2\/users\/2"}],"replies":[{"embeddable":true,"href":"https:\/\/hbkessen.v6.rocks\/index.php?rest_route=%2Fwp%2Fv2%2Fcomments&post=498"}],"version-history":[{"count":3,"href":"https:\/\/hbkessen.v6.rocks\/index.php?rest_route=\/wp\/v2\/pages\/498\/revisions"}],"predecessor-version":[{"id":1760,"href":"https:\/\/hbkessen.v6.rocks\/index.php?rest_route=\/wp\/v2\/pages\/498\/revisions\/1760"}],"wp:attachment":[{"href":"https:\/\/hbkessen.v6.rocks\/index.php?rest_route=%2Fwp%2Fv2%2Fmedia&parent=498"}],"wp:term":[{"taxonomy":"folder","embeddable":true,"href":"https:\/\/hbkessen.v6.rocks\/index.php?rest_route=%2Fwp%2Fv2%2Ffolder&post=498"}],"curies":[{"name":"wp","href":"https:\/\/api.w.org\/{rel}","templated":true}]}}